sor of 1820 and a.
140
Suppose 27 = 2*g - 35. Let o = 64 - 157. Let x = o + 310. What is the greatest common divisor of x and g?
31
Let z be (-8*18/30)/(10/(-25)). Suppose -348 = -4*a + 420. What is the greatest common divisor of a and z?
12
Let n be (-10523)/17 + (5 + -1)*1. Let f = 631 + n. What is the greatest common divisor of f and 44?
4
Let c(l) = 30*l**2 - l - 52. Suppose -24*u - 117 = 27. Let g be c(u). Calculate the greatest common factor of g and 22.
22
Let l be ((-8)/(-24))/((-4)/(-48)). Let a = 1 + 1. Suppose 50 = a*s + 3*s. Calculate the greatest common divisor of s and l.
2
Suppose 2*u - 4*c - 58 = 0, -2*u + 23 + 33 = -2*c. What is the greatest common divisor of u and 747?
9
Let w be (2 + -1)*(-4)/((-20)/35). Suppose -c - 2*c + 6*c = 0. Suppose 4*u - 133 - 7 = c. What is the highest common divisor of u and w?
7
Let w = 66 + -74. Let z = 45 - w. Suppose -5*k - 24 + 107 = -4*s, -3*k + 4*s + z = 0. Calculate the greatest common factor of 60 and k.
15
Let f be 1 - -4*261/6. What is the highest common factor of 42 and f?
7
Let v = 5203 + -5045. What is the greatest common divisor of v and 17854?
158
Suppose 47 = x - q - 6, -x - 5*q = -83. Let c = x + -45. Let f(t) = -21*t - 3. Let a be f(-2). Calculate the greatest common factor of c and a.
13
Suppose -355 + 1795 = -10512*v + 10602*v. Let z(y) = -y + 12. Let k be (-1)/2 + (-2)/(-4). Let o be z(k). Calculate the greatest common divisor of o and v.
4
Let l be 76/57*222/4. Let k = 19 + -93. Let b be (8/(-4) - -7)/((-2)/k). Calculate the highest common factor of b and l.
37
Let j(l) = 4*l**2 - 5*l + 5. Let u be j(6). Let p be (10 - (10 + 765/(-30)))*16/6. What is the highest common divisor of p and u?
17
Let i be 1 + -3 - 24/(-15) - 836482/(-505). Calculate the highest common divisor of i and 1012.
92
Let c = -3613 + 3725. Suppose 0 = -0*r + 2*r + 182. Let a = c + r. Calculate the highest common factor of 3 and a.
3
Let j be 6/(-8) + 15/4. Suppose j*x - b = -3*b + 351, -3*b = -2*x + 247. What is the greatest common factor of 7 and x?
7
Suppose 6*u - 3*u = -9*u + 804. Calculate the highest common factor of 4087 and u.
67
Let i be ((-2)/(-8))/(538/8608). What is the highest common factor of i and 1534?
2
Let z be -3*(139 + -280)*(-146)/(-6). Calculate the greatest common factor of z and 141.
141
Let r = 194 - 190. Suppose 190 = 5*a - 3*j, -88 = -2*a - r*j + 14. Calculate the highest common factor of a and 328.
41
Suppose -l = -3*y + 1019, -5*l - 524 = 4*y - 1870. What is the highest common divisor of y and 452?
113
Let k be (64/112)/((-18)/(-1827)). Calculate the highest common divisor of 2 and k.
2
Suppose -5*q - 24 = -64. Let j = -106 - -170. What is the highest common divisor of q and j?
8
Let s = 188 + 12. Let x = -68 - -197. Let d = 154 - x. What is the greatest common divisor of d and s?
25
Suppose 2*o + 33 = 4*p - o, 0 = 3*o - 3. Suppose 2*q + 2*q = 12, 45*q - 49*q = 22*g - 1992. Calculate the highest common factor of g and p.
9
Suppose 6*d = 2*d + 12. Suppose -3*v - 36 = -57. Let m(h) = h - 4. Let y be m(v). Calculate the greatest common factor of y and d.
3
Let j(s) = 4*s**2 + 43*s + 217. Let h be j(-6). Calculate the greatest common divisor of 4223 and h.
103
Let u be (3912/4564)/(2 + (-361)/182). What is the greatest common factor of u and 4914?
26
Let v be 1130/12 - (-12)/(-72). Let m be (80/(-12))/(-10) + v/3. Calculate the greatest common factor of m and 96.
32
Suppose -3*x + 7*w = 4*w - 114, -2*x + 3*w = -81. Suppose -7*u + 32 = 11. Let c(t) = t**2 - 2*t. Let i be c(u). What is the highest common divisor of i and x?
3
Let l = 249 + -236. Let x(k) = -26*k - 169. Let r be x(-25). What is the highest common factor of l and r?
13
Let p = -22 - -38. Let o(h) be the first derivative of 7*h**2/2 + 29*h - 38. Let u be o(-3). Calculate the greatest common divisor of p and u.
8
Let f = -7764 + 8817. What is the greatest common divisor of f and 729?
81
Suppose -96*q - 4*a = -93*q - 1879, 4*a + 1266 = 2*q. What is the highest common divisor of 17 and q?
17
Suppose 6*c = -23*c + 609. Calculate the greatest common factor of c and 679.
7
Let r be (-1296)/(-8) - (0 - 4). Let j = -55 + r. Suppose 4*u - j = 17. Calculate the greatest common factor of 16 and u.
16
Suppose -3*j - 4*o - 10 = o, 3*j - 2*o - 25 = 0. Suppose 3*b + 2*s = 5*b - 14, -b + 2*s = -j. What is the greatest common factor of 81 and b?
9
Suppose j - 165 = -4*j. Suppose 0 = 2*a + 3*b - 55, 4*a - 2*b - 103 = -j. Let h = -567 + 607. Calculate the greatest common divisor of a and h.
20
Let p be 2/(-40) - (-125127728)/7360. What is the highest common factor of p and 9?
9
Let o be (51750/396 - (-4)/(-22))*2. What is the greatest common factor of o and 15?
3
Suppose -4 = 31*d - 32*d. Let l = d + 0. Suppose l*q - 77 = 19. What is the greatest common factor of 36 and q?
12
Suppose 58*k - 3333 = -28*k - 323. Calculate the greatest common factor of 2590 and k.
35
Let h be (-8)/(-7) - (-17683776)/2464. What is the highest common divisor of h and 148?
74
Let k be 256/(-14) - (-6)/21. Let b be (-110)/(-9) - (-4)/k. Let c be ((-3366)/85)/(9*6/(-180)). Calculate the greatest common factor of b and c.
12
Let c = -30947 + 30957. Calculate the highest common factor of 1075 and c.
5
Let i = 6116 - 6113. What is the greatest common divisor of i and 23?
1
Suppose 4*w + 2*p = 222, p + 208 = 4*w - 41. Suppose -2*r + 242 = -88. What is the greatest common divisor of w and r?
15
Suppose -b + 5 = -2*s, 3*b + 7*s = 5*s + 15. Suppose 0*u - 4*u + 608 = 4*o, -5*o - 15 = 0. Let i = u - 55. Calculate the greatest common factor of i and b.
5
Suppose 5*f - 7605 = -4*c, 10 = -15*c + 13*c. What is the highest common factor of 25 and f?
25
Let o = 1167 + -1142. Let c(h) = 69*h**2 - h + 1. Let t = -4 - -6. Let b be c(t). Calculate the greatest common divisor of o and b.
25
Suppose -5*b - 5 + 40 = 0. Suppose -8 = 5*y - b*y. Suppose -2*z = 0, -84 = -3*a - y*z + 9*z. What is the highest common divisor of a and 7?
7
Suppose 3*p + 15 = 0, 2*p - 2594 = 3*h - 375. Let k = h - -1123. What is the greatest common factor of k and 285?
95
Let l = 116 + -74. Suppose 2*d + 5*z - 6 = 74, d - l = -3*z. What is the highest common factor of d and 570?
30
Let y be -3 - (39960/4)/(-9). Calculate the greatest common factor of y and 9.
9
Let s be ((-5)/10)/((-45308)/(-15104) + -3). Calculate the highest common factor of s and 59.
59
Suppose 37 - 1 = 3*t. Suppose 390*q - 384*q = 210. Suppose -q*i + 112 + 2828 = 0. What is the highest common factor of i and t?
12
Let l be (-210)/20*4/6. Let v(c) = -c**2 - c**2 + 8 - 216*c + 202*c. Let o be v(l). What is the highest common divisor of 4 and o?
4
Let x(h) = -h + 44. Let c be x(-21). Suppose -7*g - 3*g + 1170 = 0. Calculate the highest common factor of c and g.
13
Let u = 1163 - 551. What is the greatest common factor of u and 578?
34
Let j be 20/(-7)*70/(-20). Let p be 2056/j - 3/5. Suppose p = -0*q + 2*q - f, -2*q + 3*f = -207. What is the highest common factor of q and 153?
51
Let n = 1513 - 1507. Let f be ((-10)/(-5))/((-2)/(-189)). Let d = f + -123. What is the highest common factor of n and d?
6
Suppose 4*g - 71 = 5*k - 4*k, -15 = 5*k. Let i = 28 - g. Suppose 0 = 5*a - 2*z - 29, 23 = 5*a + i*z - 15*z. What is the greatest common factor of 14 and a?
7
Let i(f) = 125*f + 895. Let w be i(-7). What is the highest common factor of 2780 and w?
20
Suppose 46*f - 625 - 1905 = 0. Suppose -i = 6 - 11, -3*u + i = -f. Calculate the greatest common divisor of 45 and u.
5
Let n(w) = 7*w**2 - 4*w + 2. Let u be n(1). Suppose u - 11 = -f. Let a(x) = -x**3 + 5*x**2 + 7*x. Let o be a(f). What is the highest common factor of o and 9?
3
Suppose -106 = 6*v + 932. Let n = v + 201. What is the greatest common factor of 224 and n?
28
Let y be (207675/9)/13 - 20. What is the highest common divisor of 1080 and y?
135
Suppose -3*c + 2 - 8 = -3*b, -3*b - c + 2 = 0. Let r be b/(-2) + (-388)/(-8). Suppose 5*a - 89 = -49. Calculate the greatest common divisor of r and a.
8
Let q be (-10)/(-5)*58/4. What is the greatest common divisor of q and 1189?
29
Let m(s) = -s**2 + 29*s - 78. Let h be m(18). Let f = -57 + 105. What is the greatest common divisor of h and f?
24
Let b = 24931 - 24914. Let v(r) = 21*r + 1. Let m be v(4). What is the greatest common divisor of m